s of d?
3, 59
Suppose 16*j - 54110 = -71*j + 372538. What are the prime factors of j?
2, 613
Let d(m) = m**3 + 58*m**2 + 101*m + 111. List the prime factors of d(-52).
11083
Suppose -30*p = -88370 + 17720. What are the prime factors of p?
3, 5, 157
Suppose 7*b = 11*b + 248. Let x = b + 66. List the prime factors of -2 + (-12)/x*-33.
97
Let b(y) = -4*y**3 - 7*y**2 + 1 + 3*y**2 + 3*y**2 + 3 + 2*y. Suppose 0 = -4*v - 15 + 3. List the prime factors of b(v).
97
Let r(v) = -v**2 + 23. Let h be r(6). What are the prime factors of ((-3)/5)/(h/21515)?
3, 331
Let i = 134 - 220. Let a = i + 44. Let d = a + 154. List the prime factors of d.
2, 7
Let p(u) = 6*u**2 - 3*u + 22. Let z = 62 + -59. Let f be p(z). Suppose -f - 12 = -h. List the prime factors of h.
79
Let o(r) = 5*r + 80. Let u be o(-15). Suppose -5*w = -4*p + 2330, 5*p + 0*w = u*w + 2915. What are the prime factors of p?
3, 5, 13
Suppose -2*g + 7*g = 0. Suppose 2*r - 15 - 473 = 0. Suppose -5*f + 2*w + r = g, 2*f = 4*f - w - 98. What are the prime factors of f?
2, 3
Let z be 50 + 168 - (8 - 0). Let x = z - -903. What are the prime factors of x?
3, 7, 53
Let f(k) = -22*k - 173. Let z be f(-8). Let r(t) = 285*t + 36. What are the prime factors of r(z)?
3, 11
Suppose 0 = 3*o - 3*b + 42, 2*o + 4*b = -0 - 46. Let t(m) = 2*m**2 - 20*m + 19. Let j(a) = -a**2. Let d(h) = 3*j(h) + t(h). What are the prime factors of d(o)?
2, 5, 7
Suppose 63*t - 1412556 = -0*t - 149*t. List the prime factors of t.
3, 2221
Let x = 3427 + -3657. Let y = -1276 - -772. Let t = x - y. What are the prime factors of t?
2, 137
Suppose -4*h - v = -89 + 6, 5*h - 109 = -3*v. Let u = 24 - h. Suppose u*q = 2*i - 118, -2 - 18 = 5*q. What are the prime factors of i?
3, 17
Let t(h) = 123*h - 619. What are the prime factors of t(49)?
2, 13
Let r = -2194 + 4662. List the prime factors of r.
2, 617
Suppose 20*w + 3*w = 4*w + 121809. What are the prime factors of w?
3, 2137
Let x be 56/18 + (-4)/36. Suppose -5*c - 7*r + 2*r = -10, c + 2 = r. Suppose -5*p + 2*d + 570 = 0, x*p - 3*d + 5*d - 342 = c. What are the prime factors of p?
2, 3, 19
Let n(w) = -w**3 + 22*w**2 + 29*w - 55. Suppose 0 = 272*v - 269*v - 66. List the prime factors of n(v).
11, 53
Let s(y) = -206*y**3 - 2*y**2 + 17*y + 42. List the prime factors of s(-3).
3, 5, 41
Let b be 9744/(-10) + (-22)/(-55). List the prime factors of (16/6)/(-6 + b/(-162)).
2, 3
Let z(b) = 405*b + 10. Let h be z(-1). Let m = -178 - h. What are the prime factors of m?
7, 31
Suppose 2*k - 286 = -k - 2*v, -4*v + 20 = 0. List the prime factors of 85*k/80*4.
17, 23
Let n(a) = -a**3 + 25*a**2 + 5*a - 242. What are the prime factors of n(20)?
2, 929
Let h(w) = 34*w**2 - 3*w - 128. List the prime factors of h(-16).
2, 7, 11
Let w(s) = -s**2 - 21*s + 2. Let k be w(-21). Suppose o - 9 = -k. Suppose -171 - 256 = -o*p. What are the prime factors of p?
61
Let t(q) = -4*q + 17. Let k be t(3). Suppose k*s - 15 = 2*s. Suppose 3*b - 79 = -4*y, -s*y + 95 = b + 2*b. List the prime factors of y.
2
Let w = 154 - 152. List the prime factors of (17 - w)/((-8)/(-136)).
3, 5, 17
Let z(b) = 16*b + 63. Let c be z(-7). What are the prime factors of -14*(-3 - (-1701)/c)?
2, 3, 11
Let m(k) = 2*k**3 + 50*k**2 + 79*k + 72. What are the prime factors of m(-22)?
2, 619
Suppose -3*m = -12, 12*o - 11*o - 3759 = -4*m. What are the prime factors of o?
19, 197
Let g(s) = -35*s**3 - 10*s**2 + 5*s + 289. What are the prime factors of g(-13)?
3, 17, 29
Let a(w) = 2*w**2 - 374*w - 167. What are the prime factors of a(-61)?
30089
Let u = -1 - -1. Let c(j) = -j**3 + 14*j**2 + 48*j + 232. Let a(h) = -2*h**2 - 7*h + 1. Let i(y) = 7*a(y) + c(y). What are the prime factors of i(u)?
239
Suppose -3330798 - 1255126 = -161*l. What are the prime factors of l?
2, 7121
Suppose -2*t - 89 + 73 = 0, 67042 = 3*l + 4*t. What are the prime factors of l?
2, 7, 1597
Suppose 0 = 17*s - 321336 - 540267 + 188165. What are the prime factors of s?
2, 29, 683
Let r be (5 - 22/6)*(-126)/3. What are the prime factors of (-16)/r + 2502/14?
179
Suppose -26*q - 20 = 6. Let v(m) = 639*m**2 + 9*m + 9. What are the prime factors of v(q)?
3, 71
Let c = -26 + -71. Let d(k) = -23*k + 4. Let x be d(4). Let o = x - c. What are the prime factors of o?
3
Let z = 967 + 611. List the prime factors of z.
2, 3, 263
Suppose -8*h = 245 - 285. Suppose 0 = -h*r + 10162 - 3057. What are the prime factors of r?
7, 29
Let j = -3749 - -21324. List the prime factors of j.
5, 19, 37
Let f(o) = -o**3 + 22*o**2 + 23*o + 8. Suppose 67 = 6*k - 71. Let x be f(k). Suppose x*g - 518 = 650. List the prime factors of g.
2, 73
Let a be -3*18/30*15/27. Let x(s) = -122*s - 3. List the prime factors of x(a).
7, 17
Suppose 21*f + 145 = -1556. List the prime factors of (-51003)/f + (-4)/6.
17, 37
Suppose -12 = -3*b, 660 = 4*c - 6*b + 5*b. List the prime factors of (3 + 4/8)*c.
7, 83
Let y(a) = a + 32. Suppose 14*u = 15*u + 4. Let l = -16 + u. List the prime factors of y(l).
2, 3
Let j = 4036 - 130. List the prime factors of j.
2, 3, 7, 31
Suppose 0 = -0*n + n + 85. Let v = 293 + -135. Let m = v + n. What are the prime factors of m?
73
Suppose -450*x + 433*x + 571914 = 0. What are the prime factors of x?
2, 3, 7, 89
Let c(u) = -613*u + 1063. What are the prime factors of c(-12)?
8419
Let z(g) = -6*g - 27. Let s be z(-5). List the prime factors of ((-3)/s)/((-2)/(1029 + 1)).
5, 103
Let z = 3284 + -940. What are the prime factors of z?
2, 293
Let g be -535*(-2)/(-5)*1*-2. List the prime factors of (-5 - g/(-3))*3.
7, 59
Let y = 47387 - 16071. What are the prime factors of y?
2, 7829
Suppose -4*l - 8918 = -5*z, 3851 + 3296 = 4*z + l. Suppose -z - 2960 = -6*v. What are the prime factors of v?
7, 113
Suppose -5*y + 5 = -10. Suppose 10 = 5*q + y*x, 2*q - 4 = -4*x + x. What are the prime factors of 98 - (-3 + q - -3)?
2, 3
Let o be ((-116)/3)/((-11)/(-33)). Let d be -1 + (3 - 5 - o). Let n = d + -32. List the prime factors of n.
3
Suppose -322*s = -324*s - 5*l + 15001, 0 = 5*s + 3*l - 37474. List the prime factors of s.
59, 127
What are the prime factors of -12 - (-2107 - (1 + 2))?
2, 1049
Let u be (29 - 32)*(-116)/(-2). Suppose 2*j - 3*b = -609, 3*j - 6*j + b - 931 = 0. Let v = u - j. List the prime factors of v.
2, 3, 23
Let r = 57 - 55. Suppose -r*w - 216 = -2*a - 736, 5*a = 3*w - 776. List the prime factors of w.
2, 131
Let g(w) = w**3 - 4*w**2 + 2*w - 1. Let m be g(4). Let v be ((7 + -37)/(-3))/(16/(-56)). List the prime factors of 1940/m + 5/v.
277
Suppose -154000 = -79*v + 35*v. What are the prime factors of v?
2, 5, 7
Suppose 3*w = -4*q - 14, w - 27 = 3*q + 2*q. Suppose 4*u - 4545 = 5*p, -w*p - 4530 = 3*u - 7*u. What are the prime factors of u?
2, 5, 113
Suppose -5*d = -0*d + 175. What are the prime factors of (80/(-28))/(5/d)?
2, 5
What are the prime factors of (-168)/(-9)*(-2151)/(-6) + -3?
6689
Let q(h) = -54*h - 11 - 27 - 28 - 52*h - 1. What are the prime factors of q(-2)?
5, 29
Let v be (-3)/(15/(-14185)) + -3 + 2. Suppose v = 4*s + 2*h, 3563 = -s + 6*s - 2*h. List the prime factors of s.
3, 79
What are the prime factors of ((-832)/(-3))/(2 - (-5280)/(-2655))?
2, 13, 59
Suppose 2575933 = 164*r - 7626343. List the prime factors of r.
7, 8887
Suppose -11*d = -8*d + 3*l - 18, 0 = -2*d - 3*l + 13. Suppose 0 = -d*k + 5606 - 671. What are the prime factors of k?
3, 7, 47
Suppose 3*r = -6, -5*c - 4*r = -2*c + 17. Let m be 0/(c/(-1) + -4). Suppose m = 3*x - 2*p + 4*p - 209, -3*p = 15. List the prime factors of x.
73
Suppose 4*u - 993 = -2*d - 117, 5*d - 5*u = 2145. Let v = d - -316. List the prime factors of v.
2, 11, 17
Suppose 46 = 12*k - 2. Let f be (345/6)/5*k. Let m = 55 - f. What are the prime factors of m?
3
Let g = -6 - -11. Suppose g = 5*i - 10. Suppose 72 = i*v + 18. What are the prime factors of v?
2, 3
Suppose 2*b + 2*b + p - 23 = 0, -3*b = p - 18. Suppose -24*l = 2*h - 29*l - 854, 4*h = -b*l + 1768. What are the prime factors of h?
19, 23
Suppose 197 - 17 = 12*x. Suppose 16*u - 5*p = x*u + 1396, -p + 5689 = 4*u. List the prime factors of u.
7, 29
Let n = -755 + 210. List the prime factors of n*3*33/(-45).
11, 109
Let v be (-9)/3 + 3 + (15 - 3). Suppose -10 = 2*s, 76 + v = h - 2*s. List the prime factors of h.
2, 3, 13
Let q(n) = 4*n - 17. Suppose -2*o + 10 = -0*o. Let t be q(o). Suppose -t*h + 0*h =